*2 - k - 4. Let z be p(-9). Let h = z - 11. What is the remainder when 42 is divided by 4/(-6) + (-136)/h?
20
Suppose -3*z - 155 = -5*l + 689, -z - 170 = -l. Let n(m) = m - 2. Calculate the remainder when l/11 + (-10)/55 is divided by n(10).
7
Let z(s) = s**3 - 11*s**2 + 13*s - 11. What is the remainder when z(10) is divided by 13?
6
Let v(n) = -9 + 17 - 12 + n**2 - 9. Calculate the remainder when 88 is divided by v(-6).
19
Let x be (-510)/(-9) - 26/39. Suppose 36*n - 28*n = x. Calculate the remainder when (-2)/6 + (-61)/(-3) is divided by n.
6
Suppose 2*c - 58 - 82 = 0. Let p(f) = 3*f**2 + 14*f - 3. Let n be p(-6). Let w = 39 - n. Calculate the remainder when c is divided by w.
16
Let q(t) = -78*t. Let b be q(-1). Let p = b - 52. Calculate the remainder when 74 is divided by p.
22
Suppose -5*p = -4*p + 4. Let t be (2 - 1)*-1 - p. Suppose v - t*v + k + 44 = 0, 12 = v - 3*k. Calculate the remainder when 47 is divided by v.
23
Let r(v) = -v**3 + v**2 + v - 14. Let g be r(0). Let k(m) = 167*m**2 + 14 - 181*m**2 - 3 + m - m**3 + 4. Calculate the remainder when 3 is divided by k(g).
0
Let o(a) = a**2 + a + 10. Let m be (16/(-32))/((-1)/(-6)). Calculate the remainder when 126 is divided by o(m).
14
Suppose -3*p = -2*g - 143, 236 = 5*p - 0*p - g. Calculate the remainder when 137 is divided by p.
43
Suppose -5463 = -11*x - 260. Calculate the remainder when x is divided by 34.
31
Suppose -210 = 14*x - 19*x. Calculate the remainder when 159 is divided by x.
33
Suppose -p + 6*p - 355 = 0. Suppose 3*w - 72 = 3*c, 2*c - 72 = -3*w + 4*c. What is the remainder when p is divided by w?
23
Suppose 5*u - 2 = -5*d + 8, 11 = 3*d - 2*u. Suppose 3*v - 18 - d = 0. Let o = 2 - -9. What is the remainder when o is divided by v?
4
Suppose -7*u - 769 + 279 = 0. Let w = -41 - u. Calculate the remainder when 57 is divided by w.
28
Suppose 2*f + 99 = q, -q + 6 = 1. Calculate the remainder when (0 + -4 - f)/(4 - 3) is divided by 22.
21
Let u(k) = 19*k**3 - 6*k**2 + 4*k + 5. What is the remainder when u(2) is divided by 29?
25
Suppose -2*a = -2 - 6. Suppose -a*u = -31 - 233. Let s = -33 + u. What is the remainder when s is divided by 17?
16
Suppose 8*n = 3*n. Suppose n = -5*m + 25. Let g = 1 - -1. Calculate the remainder when m is divided by g.
1
Suppose 0 = f - 6*f + 4*a + 391, 3*a = -f + 82. Suppose i + u + 118 = 4*i, -2*i = -u - f. What is the remainder when i is divided by 17?
5
Suppose z + 2 - 85 = 0. Suppose -2*k - 3*c + 46 = 0, c - 5*c + 42 = 2*k. Calculate the remainder when z is divided by k.
25
Suppose -30*u = -32*u - 2*b + 14, -b + 28 = 4*u. Suppose q - 5*q - 5*s = -51, q - 3*s = 34. What is the remainder when q is divided by u?
5
Suppose y + 4*g - 21 = -g, -3*y - g - 7 = 0. Calculate the remainder when (y/(-6))/((-6)/(-81)) is divided by 3.
0
Suppose -15*v + 486 - 21 = 0. Calculate the remainder when 618 is divided by v.
29
Suppose -3*y + 137 = -19. Let n(u) = u**3 - 8*u**2 + 12*u + 2. Let w be n(6). Suppose -w*a = 2*a - y. Calculate the remainder when 63 is divided by a.
11
Let j be (-3)/((16/20)/4). Let d = j - -37. What is the remainder when 42 is divided by d?
20
Let o = -550 + 649. What is the remainder when o is divided by 152/3 - 4/6?
49
Suppose 2*k = 3*k - 11. Let m = k + 15. Let z = 2 + m. What is the remainder when 55 is divided by z?
27
Let p = 838 + -578. What is the remainder when p is divided by 29?
28
Let t(j) = -42*j**2 + 37*j**2 - 2 + 5*j**3 + 5*j - 6*j**3. Let k(m) = -m - 1. Let i be k(5). Calculate the remainder when 16 is divided by t(i).
0
Let k = -23 + 27. Let o be 174 - ((-8)/(-1) + -4). Suppose k*j + o = 9*j. What is the remainder when j is divided by 7?
6
Let j(w) = -16*w - 1. Let p(i) = -2*i**2 + 10*i + 14. Let q be p(7). What is the remainder when j(q) is divided by 45?
43
Suppose 66 = -3*u + 5*u - 2*b, 2*b = -u + 24. What is the remainder when u is divided by 22?
8
Suppose -5*z - 25 = 0, -3*s - 5*z = 30 - 281. What is the remainder when s is divided by 40?
12
Suppose 5 = 5*t - 0*t, 5*t = -3*f + 11. Let m be 336/9*(-3)/(-2). Suppose -m = -7*v + 14. Calculate the remainder when v is divided by f.
0
Calculate the remainder when 314 is divided by 77 - (2 + 16/(-2 - 2)).
77
Suppose -1031 = -3*v - 857. Suppose -j + 36 = 3*u - 13, -2*u - j + 32 = 0. Suppose -v - u = -5*o. What is the remainder when 44 is divided by o?
14
Let d = 30 + -1. Let a = 21 + -5. What is the remainder when d is divided by a?
13
Let p(x) = 4*x**2 + 3*x + 6. Let j = 216 + -86. Calculate the remainder when j is divided by p(-3).
31
Suppose -5*s + 297 = h, -3*s + 4*s = 0. What is the remainder when h is divided by 79?
60
Suppose -1473 = -38*p + 655. Calculate the remainder when p is divided by 40.
16
Suppose 10*a = 7*a. Suppose 2*l - 9*l + 252 = a. What is the remainder when 149 - (-9)/(l/8) is divided by 38?
37
Let k = 1392 - 1301. Calculate the remainder when 545 is divided by k.
90
Let m(n) = 18*n - 184. What is the remainder when m(12) is divided by 8?
0
Calculate the remainder when (4 - (1 + 4))/((-4)/132) is divided by 9.
6
Suppose 0 = -3*g - 15, -r + 0*g = -4*g - 28. Let a(y) = -y**3 + 10*y**2 - 14*y + 3. Calculate the remainder when 92 is divided by a(r).
16
Let h = 249 - 247. What is the remainder when 20 is divided by h?
0
Let y(f) = -3*f**2 - 31*f - 56. What is the remainder when 446 is divided by y(-7)?
12
What is the remainder when 1 + ((-70)/(-15))/((-2)/(-21)) is divided by 6?
2
Suppose 0 = -5*z + 3*q + 406, -z + 4*q = q - 74. Suppose -3*i = -0*i + 12, 4*u + 5*i = 68. Calculate the remainder when z is divided by u.
17
Let t be (-24)/(-14) - (-2)/7. Suppose -j = -3*u + 47, -u - t*u + 32 = 2*j. Calculate the remainder when (4/u)/(1/7) is divided by 1.
0
Let v = -141 + 171. What is the remainder when 87 is divided by v?
27
Let f(x) = -19*x - 5. Let v be 1*(-9)/((-45)/(-350)). What is the remainder when f(-6) is divided by ((-7)/5 + 1)*v?
25
Suppose 13*b = 3*b + 30. Suppose 0*n + 56 = 5*h - n, -h + b*n = 0. What is the remainder when 20 is divided by h?
8
Let x(p) be the first derivative of -3*p**2 + 12*p - 5. Let j be x(-9). Suppose j = 3*n + 15. Calculate the remainder when 32 is divided by n.
15
Let x = -2400 + 2960. Calculate the remainder when x is divided by 148.
116
Suppose 0 = -3*s - 4*a + 30, -2*s + s = -5*a - 29. Suppose s = m - 10. Calculate the remainder when 67 is divided by m.
19
Let w(q) = 8*q**2 + 3*q - 3. Let d be w(-3). Let t = 129 - 125. Suppose -d = -t*j + j. What is the remainder when 39 is divided by j?
19
Let i = -8 - -12. Let w be (0 - 54)*i/(-6). Suppose -3*h = h - w. Calculate the remainder when 24 is divided by h.
6
Let d be (-7 - 1)*(-1)/2. Suppose -4*z - 6*g = -g - 68, 0 = 3*g. Calculate the remainder when z is divided by (-410)/(-40) - 1/d.
7
Let h = -173 - -232. Calculate the remainder when 175 is divided by h.
57
Let s(a) = 13*a**2 - 8*a + 6. What is the remainder when 1180 is divided by s(-2)?
70
Let s(u) = -3*u**2 + 74*u + 5. Let i be s(23). Suppose -i = 3*k - 555. Calculate the remainder when k is divided by 37.
34
Let l(k) = k**2 + 24*k - 36. Calculate the remainder when 451 is divided by l(-28).
71
Suppose 45 = -i - 2*i. Let p be (-25)/i - 2/(-6). Suppose -p = -3*q + 16. What is the remainder when 21 is divided by q?
3
Let y = 86 + -92. Let q be (-1)/4 + (-13062)/(-24). What is the remainder when q/(-24)*y/4 is divided by 6?
4
Calculate the remainder when (-28)/(-56) - (-1173)/6 is divided by 60.
16
Let a be (-2 + -1)*(-16 - -18). Let z be ((-6)/(-9))/((-2)/a). Suppose -4*o = d + 11, 0 = -3*d + 2*d - z*o - 1. Calculate the remainder when 23 is divided by d.
5
Suppose 25 - 1 = 2*b. Suppose 0*d + 2*d + 64 = 3*q, -d = 4*q - 100. Suppose -q - 19 = -r. What is the remainder when r is divided by b?
7
Let h(b) = 0 + 3 - 6 - b - 2. Let f be h(7). What is the remainder when 17 is divided by (-2)/3 - 68/f?
2
What is the remainder when 222 is divided by 5*(3 - (4 - 10))?
42
Let y = 264 + -227. What is the remainder when y is divided by 6?
1
Let i(m) = -m**2 - 15*m + 39. Let u be i(-17). What is the remainder when -2 + (20 - u) + -1 is divided by 9?
3
Let c(f) = -f**3 - 14*f**2 + 18*f + 51. Let b be -102*(-6)/9 + 2. Suppose 0 = 5*t - b - 30. What is the remainder when t is divided by c(-15)?
2
Let u(v) = 26*v - 631. What is the remai